lculate the highest common factor of r and 588.
12
Let w(v) = -5*v**2 - 76*v - 12. Let n be w(-14). Calculate the greatest common divisor of 1044 and n.
36
Let k(z) = -105*z - 147. Let y be k(-29). Suppose 9*a - 30*a + y = 0. What is the highest common factor of a and 759?
69
Let t(j) be the third derivative of -7*j**4/24 + j**3/3 + 12*j**2. Let c be t(-2). Let x be c/120 - 536/(-30). What is the highest common factor of x and 162?
18
Suppose 11*y = 8*y. Let k be -3 - (y/(-3) - 89). Suppose -4*t - 18 = -k. What is the greatest common factor of t and 85?
17
Let s be (72/(-10))/(-3) + 156/(-390). Suppose -5*d = s*y - 38, -44*y + 49*y + 5 = 0. Calculate the highest common factor of 152 and d.
8
Suppose 89*z - 87*z - 440 = 0. Let p = -160 + z. What is the highest common divisor of p and 228?
12
Suppose -4*p = -3*t + 4*t, -3*t = -5*p. Suppose m - 144 = -v, t = 4*m - 2*v - 509 - 67. Calculate the greatest common factor of m and 54.
18
Let r(a) = 4*a**2 + 231*a + 1191. Let b be r(-5). What is the greatest common divisor of 7412 and b?
68
Let i(r) be the second derivative of -r**4/12 - 17*r**3/6 - 20*r**2 - 12*r - 3. Let s be i(-14). What is the highest common factor of 34 and s?
2
Let r(i) = 10 - 4*i + 6*i - 2*i - 2*i. Let c be r(3). Suppose 9 = -c*l + 93. What is the highest common divisor of l and 7?
7
Suppose 3*p + 2*n = 305 + 932, 4*n = 20. Let o = p + -399. Let f(v) = 111*v**2 - 2*v + 1. Let y be f(1). Calculate the highest common factor of y and o.
10
Let t(o) = o**3 + 4*o**2 - o - 4. Let n be t(-4). Suppose -4*b - b + 15 = n. Let u = 2972 + -2945. What is the greatest common factor of b and u?
3
Suppose 4*q - 3*x - 5933 = -604, 3*x = 3*q - 3999. Calculate the greatest common divisor of 196 and q.
14
Suppose 246 = 7*f - 55. Let l = 98 + -55. Calculate the greatest common factor of l and f.
43
Let g = 136 - 165. Let q(u) = -5*u - 101. Let y be q(g). What is the greatest common factor of 297 and y?
11
Suppose -2*p = -5*p + 9. Suppose 10 - 1 = p*x. Suppose -251 = 1154*k - 1405. Calculate the greatest common divisor of k and x.
1
Suppose 0 = -2*x - 14 - 30. Let b be -3 - (10*x - -1). Let h(f) = -f**3 + 3*f**2 + 26*f + 16. Let o be h(-4). What is the greatest common factor of b and o?
24
Let q be (-8)/2 + (10 - -34). Suppose 442 = m - 14*m. Let w = m + q. Calculate the greatest common factor of w and 4.
2
Suppose -4*p + 2324*x + 135 = 2321*x, p + 3*x - 30 = 0. Let n = 0 + 110. Calculate the greatest common divisor of p and n.
11
Let v be (-1 + 1)*(-6)/18. Let j(h) = v*h**2 + 13*h - 4 - h**2 - 9 + 3. Let i be j(10). Calculate the greatest common factor of 8 and i.
4
Let u = -396 + 262. Let t = u - -156. What is the greatest common factor of 132 and t?
22
Suppose -47*s = 36*s + 83*s - 2371808. What is the greatest common divisor of s and 282?
94
Let u be (1*-3)/((-7)/((-280)/(-24))). Suppose y = -u*q + 4*q + 104, 0 = -3*y - 9. Let p = 141 - q. Calculate the greatest common divisor of 51 and p.
17
Let t = 4 - -8. Suppose 0 = 5*c + w - 17, 2*c + 2 = 2*w + 2*w. Suppose -f - c = 0, -f + 108 = 5*n + 3*f. What is the greatest common factor of n and t?
12
Suppose 15 + 47 = -5*u + z, 2 = z. Let c be (3 + -24)*4/u. Calculate the greatest common divisor of 63 and c.
7
Let q(c) = -2*c**2 - 30*c - 13. Let l(p) = p**3 + 26*p**2 - 87*p - 10. Let f be l(-29). Let r be q(f). Calculate the greatest common factor of 3 and r.
3
Suppose 3*t - 76 - 257 = 0. Suppose 0 = -5*i + t + 39. Let x(f) = -16*f**3 - 2*f**2 - f. Let v be x(-1). What is the greatest common factor of i and v?
15
Suppose -4*f - 18*f + 14752 = -12660. Calculate the greatest common divisor of 6052 and f.
178
Suppose -2*s = 2*q + 97 + 67, q - 338 = 4*s. Let w be (-1)/(-2 + (-218)/(-108)). Let x = w - s. What is the greatest common divisor of x and 150?
30
Let j = 4416 - 4352. Let o(f) = f**3 + 6*f**2 - 4*f. Let n be o(-5). Let t = j - n. What is the greatest common factor of t and 171?
19
Suppose 3*s + 3*c = 2*s + 190, -4*s - 4*c = -776. Suppose -k = -5*k + s. Let y = -192 + 437. Calculate the greatest common factor of k and y.
49
Let d be (-2)/((-28)/(-385))*(-3 + 372/(-20)). Calculate the greatest common factor of 162 and d.
54
Let c be (4 - 7) + -6*(-2)/4. Suppose c = 2*h - 5*g + 9*g - 358, 5*g - 20 = 0. Suppose 4*t + 43 - h = 0. Calculate the highest common divisor of 8 and t.
8
Let q(l) = 10*l**2 + 105*l + 2375. Let p be q(-22). What is the greatest common divisor of 763 and p?
109
Suppose 0 = -16*m + 8*m + 160. Suppose 49 - 169 = -m*t. Let x = 195 + -117. What is the greatest common divisor of t and x?
6
Let u(p) = -5*p**3 + 9*p**2 + 59*p. Let m be u(-5). What is the greatest common divisor of 105 and m?
15
Let m = -1266 + 1702. What is the highest common factor of m and 4?
4
Let b(p) = 23*p - 33. Let d be b(2). Let u be d - 8 - (-4)/(-2). Calculate the highest common divisor of 75 and u.
3
Let l(u) = 338*u + 1098. Let n be l(-3). Calculate the highest common factor of 861 and n.
21
Suppose 0 = -2*f - 3*f + 20, -4*b - f = -588. Suppose -b - 88 = -3*x. Calculate the greatest common factor of x and 65.
13
Let t(x) = 21*x**2 - 121*x + 1514. Let a be t(13). Calculate the highest common factor of a and 10.
10
Let w be 173 + -173 + 23 + -1. Suppose 6*j = j + 1540. What is the greatest common divisor of j and w?
22
Suppose -147 - 1118 = -h. Suppose -48*x = -43*x - h. Calculate the greatest common factor of x and 11.
11
Let n(w) = w**3 + 12*w**2 + w + 24. Let s be n(-12). Suppose -81 + 72 = 3*f, 0 = -2*u + 2*f + 84. Calculate the greatest common factor of s and u.
3
Let b(u) = 39*u - 7. Let z be b(8). Suppose -5*k = 4*t - 239, 2*t - 7*t = 5*k - z. Suppose 4*g = g + t. Calculate the greatest common factor of 154 and g.
22
Suppose 2*d = -3*d + 120. Suppose -9 = -3*t + z, 0 = 2*t - 21*z + 18*z - 6. What is the highest common factor of t and d?
3
Suppose 0 = -4*j - 5*f + 14, 3 - 7 = 2*f. Suppose 208*l + 88290 = 753*l. What is the greatest common factor of l and j?
6
Let i = -40 + 46. Suppose n + 3*d - i = 0, -2 - 12 = -4*n - 2*d. Let b be (1 + -4)/(168/57 - n). What is the highest common factor of 19 and b?
19
Let r be (1/(-2))/(-9 - 1432/(-160)). Let x = 222 - 97. Calculate the highest common divisor of r and x.
5
Let c = 378 - 222. Let x be 4/(9 - 5)*-87. Let i = -63 - x. Calculate the greatest common factor of c and i.
12
Suppose -97*g + 190*g = -324*g + 8757. What is the highest common divisor of g and 27594?
21
Let l be 3*(-1)/5 + 408/30. Let r(z) = 2*z**3 - 2*z**2 + z - 1. Let s be r(1). Suppose s = -2*u + 6*u - 52. What is the greatest common factor of u and l?
13
Suppose 2*r - 86 = -16. Suppose 23*x = 18*x + 35. What is the highest common divisor of x and r?
7
Suppose 8 = 3*f - 16, k = -4*f + 83. Let r(s) = -60*s - 3. Let v be r(-6). Calculate the greatest common factor of k and v.
51
Let f(k) = -k**2 - 13*k + 92. Let r be f(-15). Suppose 2*w - 798 = -5*s - 25, -5*s = -4*w - 779. Calculate the highest common factor of r and s.
31
Let j = 283 - 251. Suppose 306*z + j = 307*z. What is the highest common divisor of z and 288?
32
Suppose -40 = -5*m - 5*d + 190, -4*m + 208 = -4*d. Let n be (-42)/49 - (-23611)/m. What is the highest common factor of n and 37?
37
Suppose -3*h + 62*h - 60593 = 0. Calculate the greatest common factor of h and 711.
79
Suppose 144*j + 2*y = 147*j - 424, 2*j = 2*y + 280. Calculate the greatest common factor of 90 and j.
18
Suppose 3*d - a - 657 = 0, -1876*d + 895 = -1872*d + 5*a. Calculate the highest common factor of 55 and d.
55
Let i be (1 + 7)*(-5)/(-4). Let b = 709 - -251. Calculate the greatest common divisor of b and i.
10
Let l = -8752 - -9227. Calculate the highest common factor of 152 and l.
19
Suppose 289*x - 1060501 = 102724. Calculate the greatest common divisor of x and 322.
161
Let c be ((-11)/44)/1 + (-10302)/(-24). What is the greatest common divisor of c and 3120?
39
Let z = 65 - 63. Let j(m) = -m**2 - 2*m + 1. Let u be j(-3). Let r be (z - 95)*u - (10 - 8). What is the greatest common divisor of 23 and r?
23
Let o = -4 + 7. Let f(d) = d**2 + 21*d + 11. Let r be f(10). Let a = 324 - r. What is the highest common factor of a and o?
3
Let z(y) = -3*y**3 + 54*y**2 + 62*y - 25. Let o be z(19). What is the greatest common factor of o and 180?
10
Let f(g) = 19*g**2 